 - 721. Give n(128).
-1361
Let q(m) = -43*m**2 - 700*m - 48. What is q(-11)?
2449
Let h(b) = -b**3 - 116*b**2 - 611*b + 254. Give h(-6).
-40
Let n(s) = -923*s**2 + 5540*s - 5. Give n(6).
7
Let m(b) = 3*b**2 - 683*b + 13434. What is m(207)?
600
Let q(r) = -9547*r + 5050363. Determine q(529).
0
Let p(r) = -8460*r - 4856025. What is p(-574)?
15
Let w(a) = a**3 - 13*a**2 - 64*a + 1067. What is w(19)?
2017
Let a(d) = -6*d**3 + 2189*d**2 + 401*d - 13171. Determine a(365).
-31
Let k(q) = -17*q**3 + 705*q**2 - 997*q - 128. Determine k(40).
-8
Let q(h) = 2*h**3 + 57*h**2 + 325*h + 5060. Give q(-26).
-10
Let m(p) = -4535*p - 4126. Give m(-1).
409
Let u(z) = -z**2 + 1584*z + 6754818. What is u(-1925)?
-7
Let f(j) = -1555*j - 444738. Calculate f(-286).
-8
Let h(p) = -p**3 + 243*p**2 - 989*p + 7765. Determine h(239).
-122
Let c(x) = 2*x**3 - 905*x**2 - 5073*x + 16065. Give c(458).
35
Let i(m) = -10*m**2 + 8*m - 27. Give i(7).
-461
Let a(w) = w**3 + 30*w**2 + 159*w - 711. Calculate a(-19).
239
Let w(h) = 5083*h + 289789. Determine w(-57).
58
Let o(k) = 3*k**2 - 4955*k - 19865. What is o(-4)?
3
Let j(t) = t**2 + 2874*t - 191028. Calculate j(65).
7
Let c(y) = -y**2 - 4*y + 6609. Determine c(-60).
3249
Let m(i) = i**3 + 122*i**2 + 920*i - 12. Calculate m(-8).
-76
Let b(j) = 2*j**3 + 20*j**2 + 52*j + 400. Calculate b(-8).
240
Let d(o) = 7520*o - 1699514. What is d(226)?
6
Let j(s) = -21*s**3 - 504*s**2 - 20*s - 128. What is j(-24)?
352
Let o(f) = -f**3 - 308*f**2 - 18264*f - 5501. Determine o(-228).
-29
Let p(n) = 4*n**3 - 15*n**2 - 155*n + 129. Calculate p(8).
-23
Let c(v) = v**3 - 20*v**2 + 138*v - 544. Give c(7).
-215
Let s(u) = -304*u - 47317. Determine s(-156).
107
Let w(g) = -323*g + 1055. Calculate w(7).
-1206
Let t(w) = -3*w**3 - 68*w**2 - 136*w - 3647. Determine t(-23).
10
Let h(p) = 73*p + 7419. Calculate h(-96).
411
Let g(b) = -140*b**2 - 1113*b - 929. Calculate g(-7).
2
Let m(o) = 20*o**3 - 1118*o**2 - 103*o - 52. Give m(56).
452
Let s(i) = 22*i**3 + 3474*i**2 - 315*i + 169. Calculate s(-158).
11
Let j(w) = -2*w**3 + 10*w**2 + 6600*w - 130. Give j(-55).
-130
Let q(p) = -2*p**3 - 34*p**2 + 25*p + 316. Determine q(-18).
514
Let s(d) = 5149*d + 602432. Calculate s(-117).
-1
Let c(a) = -4*a**2 - 62*a - 287. Calculate c(-8).
-47
Let t(x) = -10*x**3 - 14*x**2 + 179*x + 366. Determine t(-2).
32
Let k(y) = -y**2 - 23*y + 453. What is k(-35)?
33
Let v(t) = -734*t + 14957. Determine v(21).
-457
Let c(q) = 2*q**3 + 384*q**2 + 393*q + 2085. Give c(-191).
-16
Let d(s) = -s**3 + s**2 - 415*s - 1690. Determine d(-4).
50
Let y(d) = 2*d**3 + 50*d**2 - 327*d + 15. Give y(7).
862
Let k(a) = 2*a**3 - 1068*a**2 - 4279*a - 13. Calculate k(-4).
-113
Let l(c) = c**3 - 18*c**2 - 42*c - 127. Give l(20).
-167
Let n(j) = -2106*j + 56805. What is n(27)?
-57
Let a(b) = -129894*b + 129889. Determine a(1).
-5
Let a(r) = 21*r**2 - 18555*r + 355120. Determine a(864).
16
Let t(j) = j**2 + 2947*j - 35553. Calculate t(12).
-45
Let b(f) = -11*f**2 - 67*f + 313. What is b(5)?
-297
Let b(l) = 54*l**3 - 6*l**2 + 807*l + 807. Calculate b(-1).
-60
Let p(l) = 1369*l + 240929. Calculate p(-176).
-15
Let h(c) = -c**2 + 967*c - 219496. Determine h(364).
-4
Let t(s) = s**3 + 263*s**2 - 3588*s + 80329. Calculate t(-277).
-1
Let j(m) = 6569*m + 5439125. Calculate j(-828).
-7
Let q(z) = 1413*z - 121036. Determine q(85).
-931
Let j(i) = -i**2 - 13*i - 164. What is j(35)?
-1844
Let g(u) = -39*u**3 - 82*u**2 + 24*u + 63. What is g(-2)?
-1
Let m(z) = 119132*z + 476550. What is m(-4)?
22
Let s(w) = w**3 - w**2 - 4*w - 143. Determine s(-7).
-507
Let y(s) = s**2 + 8671*s + 1627971. What is y(-192)?
3
Let c(m) = -238*m + 12333. Give c(52).
-43
Let m(c) = -2*c**3 + 328*c**2 - 171*c + 28044. Give m(164).
0
Let w(p) = -3*p**3 - 339*p**2 + 344*p + 229. What is w(-114)?
1
Let o(r) = -1092*r - 1095. Give o(-1).
-3
Let r(c) = -c**3 + 155*c**2 - 578*c - 4308. What is r(151)?
-382
Let v(z) = 3*z**2 - 752*z - 3927. Determine v(256).
169
Let p(g) = -6*g**3 - 2613*g**2 + 3945*g + 5237. Give p(-437).
-7
Let r(j) = -17793*j - 711725. Give r(-40).
-5
Let k(q) = 551*q + 1113. Calculate k(-2).
11
Let v(q) = -2*q**2 + 148603*q - 2674199. Give v(18).
7
Let r(i) = 87735*i - 2719863. What is r(31)?
-78
Let g(z) = -6284*z**3 - 2*z**2 - 205*z + 207. What is g(1)?
-6284
Let a(f) = 69*f - 1270. Give a(16).
-166
Let i(q) = 2*q**3 - 14*q**2 + q + 27. What is i(-4)?
-329
Let i(j) = -3*j**2 - 120*j - 694. Determine i(-7).
-1
Let h(f) = -16*f**2 - 98*f - 243. Give h(-4).
-107
Let c(y) = -5*y**3 + 95*y**2 + 308*y + 495. Calculate c(22).
11
Let k(j) = 12*j**2 + 41*j - 1451. Give k(14).
1475
Let u(m) = 13785*m - 192983. What is u(14)?
7
Let l(k) = -k**3 - 21*k**2 - 5796*k - 91452. Calculate l(-16).
4
Let o(w) = -w**2 - 467*w - 30629. Determine o(-386).
637
Let n(y) = y**2 + 1482*y + 334. Determine n(0).
334
Let m(o) = 17*o**2 + 289*o + 197. What is m(-16)?
-75
Let v(a) = 2*a**2 - 11014*a + 114. What is v(0)?
114
Let n(f) = -f**3 + 22*f**2 + 49*f - 646. What is n(5)?
24
Let b(z) = 1247*z - 303021. Calculate b(243).
0
Let q(u) = 161*u + 47395. Determine q(-294).
61
Let y(w) = -4*w**2 + 1192*w + 4786. Give y(-4).
-46
Let y(m) = 2*m**2 + 2967*m + 1017218. Determine y(-538).
-140
Let i(j) = -7*j**3 + 53*j**2 + 31*j - 90. Give i(8).
-34
Let s(j) = 17*j**2 + 168*j - 1610. Give s(6).
10
Let a(u) = -u**3 - 35*u**2 + 651*u - 147. What is a(13)?
204
Let p(y) = 4048*y - 408839. Give p(101).
9
Let u(o) = 174473*o - 15353638. Calculate u(88).
-14
Let a(y) = -19008*y - 361144. Determine a(-19).
8
Let k(s) = 2477*s - 27188. Give k(11).
59
Let q(o) = 6*o**3 + 94*o**2 - 267*o + 35. Give q(-18).
305
Let r(g) = -35786*g + 178114. Calculate r(5).
-816
Let p(q) = 116*q**2 + 8122*q + 100. Determine p(-70).
-40
Let a(z) = -z**2 + 4621*z - 3294969. Give a(881).
-29
Let y(p) = -4*p**3 + 187*p - 339. Give y(0).
-339
Let h(f) = -68*f - 4109. Determine h(-56).
-301
Let g(k) = 3783*k + 124873. Give g(-33).
34
Let h(l) = 9*l**2 + 309*l + 591. Give h(-33).
195
Let b(d) = -3*d**3 + d - 122. Calculate b(5).
-492
Let i(l) = 140*l**2 - 528*l - 128. Give i(4).
0
Let k(a) = -a**3 + 77*a**2 + 12*a - 859. Give k(77).
65
Let k(h) = -28*h - 238. What is k(-20)?
322
Let j(k) = 1005*k**2 + 34175*k + 211. Calculate j(-34).
41
Let f(j) = -268*j - 9135. Determine f(-38).
1049
Let u(i) = -3*i**3 - 23*i**2 - 59*i - 151. What is u(-8)?
385
Let a(s) = -2*s**2 + 156*s + 219. Determine a(77).
373
Let o(k) = k**3 + 80*k**2 - 318*k + 1451. Calculate o(-84).
-61
Let g(a) = a**2 + 10*a - 22. Give g(-17).
97
Let z(b) = -442*b + 17203. What is z(38)?
407
Let z(r) = 127*r**3 - 24891*r**2 - 225*r + 5681. What is z(196)?
-3
Let t(n) = -1059*n**2 - 4225*n + 26. Calculate t(-4).
-18
Let x(j) = -j**3 + 19*j**2 + 129*j - 2573. What is x(17)?
198
Let s(g) = g**3 + 48*g**2 + 11552*g + 252463. Give s(-23).
-8
Let a(c) = -83*c**2 + 3784*c - 2223. Calculate a(45).
-18
Let k(l) = -2*l**3 + 46*l**2 + 565*l - 425. Determine k(32).
-777
Let d(k) = -k**2 + 35*k + 1178. Determine d(47).
614
Let y(m) = 3417*m - 59025. Calculate y(17).
-936
Let j(i) = i**2 + 34*i + 432. Give j(-21).
159
Let h(w) = 363*w + 251. Calculate h(5).
2066
Let t(i) = 138*i + 20683. Determine t(-150).
-17
Let r(k) = -57*k**2 - 1182*k + 178. Give r(-21).
-137
Let c(b) = 6564*b + 39269. Determine c(-6).
-115
Let l(i) = 38530*i + 115679. Determine l(-3).
89
Let o(d) = 7*d**3 + 226*d**2 - 158*d + 251. Calculate o(-33).
20
Let t(n) = n**3 - 68*n**2 + 327*n - 109. Calculate t(5).
-49
Let h(l) = l**2 - 787*l - 12060. Give h(-15).
-30
Let s(l) = -17*l**3 - 715*l**2 - 61*l - 775. Determine s(-42).
23
Let l(s) = 1945*s - 11491. Determine l(6).
179
Let z(s) = -9*s**2 + 5808*s - 23254. Determine z(4).
-166
Let f(l) = 6*l**3 + 4*l**2 - 1803*l + 14350. What is f(8)?
3254
Let h(l) = -l**3 - 153*l**2 - 917*l - 2107. Calculate h(-147).
3038
Let g(r) = -r**2 - 1653*r + 23341. Calculate g(14).
3
Let g(a) = a**2 - 226*a + 542. Give g(0).
542
Let q(c) = -3*c**3 - 15*c**2 - 118*c - 40. Determine q(-6).
776
Let m(f) = -5*f**2 - 100798*f + 302437. Give m(3).
-2
Let u(m) = 8006*m - 166. What is u(0)?
-166
Let g(z) = -23847*z + 286097. Determine g(12).
-67
Let b(o) = 611*o - 2089. Calculate b(5).
966
Let q(x) = -2*x**3 - 44*x**2 - 211*x + 112. What is q(-8)?
8
Let